*n = 2244. Let t = -58 - -80. Calculate the greatest common factor of n and t.
11
Suppose 23*v = 17*v + 234. Let u be (v/(-9))/(10/(-30)). What is the greatest common factor of u and 91?
13
Let a = 109 + -58. Suppose -122*q = -166*q + 4488. What is the greatest common divisor of q and a?
51
Let f(p) = 2842*p + 259. Let t be f(3). What is the greatest common factor of 35 and t?
35
Suppose 19*o - 315413 = -24*o + 2*o. What is the highest common divisor of o and 157?
157
Let b = -243 + 297. Let z be 3 + -3 + (-216)/(-6). Calculate the greatest common factor of z and b.
18
Let l = 103 + -71. Let p(s) = 11*s**2 + 254*s + 2320. Let v be p(-18). What is the greatest common divisor of l and v?
32
Let w(q) = q**3 + 18*q**2 + 23*q + 1. Let f be w(-16). Suppose -5*b + 685 = f. Suppose -18*t + 14*t + b = 0. Calculate the greatest common factor of t and 3.
3
Let z be (-62)/(-8)*(6286/28 + (-13)/26). What is the greatest common divisor of z and 168?
56
Let t be 4 + 32/(-40) + 4339/5. Calculate the highest common factor of t and 134.
67
Suppose -569 - 55 = -3*o. Suppose 10*n = -6*n + o. What is the greatest common factor of 195 and n?
13
Let n(w) = -1525*w - 201232. Let a be n(-132). Suppose 4*l - 1838 = 1154. What is the highest common divisor of l and a?
68
Let h = 13003 + -12953. Calculate the highest common divisor of 430 and h.
10
Let b(n) = 3*n**2 + 195*n - 156. Let j be b(-66). Calculate the greatest common divisor of 5439 and j.
21
Let w(t) = 66*t**2 - 15*t + 24. Let j be w(2). Let l = j - -31. What is the highest common divisor of l and 17?
17
Suppose -2765 - 15211 = -5*z - 3*l, -l + 3594 = z. What is the greatest common divisor of 33 and z?
33
Let l be -2 + 80/44 + 316/44. Suppose -l*s = -871 - 1922. What is the highest common factor of s and 21?
21
Let n = -15468 - -15706. Calculate the greatest common factor of n and 51.
17
Suppose -7*q - 310 = -289. Let a be (q + 4)*(2 + 9). Calculate the greatest common divisor of 253 and a.
11
Let w = 156 - 108. Let d = 143 - w. Calculate the highest common factor of 76 and d.
19
Let n = 6 - -12. Let q = 506 - 500. What is the highest common divisor of n and q?
6
Suppose 5*w + l - 7 = 98, -105 = -5*w - 5*l. Let r(c) = c**2 - 28*c + 7. Let o be r(28). What is the greatest common divisor of w and o?
7
Let s(o) = -o**3 - o**2 + 2*o - 2. Suppose 0*d - 3*d = -2*d. Let v be s(d). Let p be v + (-8)/(-6)*(-63)/(-6). What is the greatest common divisor of p and 9?
3
Let h(d) = 4335*d**2 - 14*d + 5. Let p be h(1). Calculate the highest common divisor of p and 84.
42
Let a be (-6 + (26/(-4))/1)*-72. What is the greatest common divisor of a and 800?
100
Suppose -408629 - 371451 = -21*v - 178*v. Calculate the greatest common divisor of v and 960.
80
Let s = 34 - 33. Suppose -q = -0 - s. Let i be (-12)/8*(q - (6 + -3)). What is the highest common factor of i and 21?
3
Let f(o) = 8*o - 80. Let q be f(10). Suppose -5*g + 4*j = -1008, q*j = -3*g + j + 609. What is the highest common factor of g and 24?
12
Suppose -7*l - 440 = -18*l. Suppose 2*a + l = 12*a. Calculate the greatest common divisor of 6 and a.
2
Let f(d) = d**2 + 7*d + 5. Let p be f(-7). Let y(t) = -3*t - 10 - 23 + p*t - 15*t. Let k be y(-16). Calculate the highest common divisor of k and 25.
25
Let c(r) = -r**2 - 360*r - 1771. Let n be c(-5). Let m be 2/3 + 46/3. Calculate the greatest common factor of m and n.
4
Let z be (-4 - 68/(-10))/((-2)/(-25)). Let o = 56 - z. Let m = -5 + 14. Calculate the greatest common factor of m and o.
3
Let o be (-1)/(-3) - -7*(-20)/(-12). Suppose o*j + 166 = 1930. Calculate the greatest common divisor of j and 21.
21
Suppose 282*j - 1654 = -4*i + 284*j, 4*i - j = 1659. Calculate the greatest common factor of i and 26.
26
Suppose 0 = -4*k + 19*k - 30. Suppose 0 = -5*s + 7*v - 3*v + 270, -k*v = s - 54. What is the highest common factor of 6 and s?
6
Let n = -232 - -549. Let z = n + -308. What is the highest common divisor of z and 6?
3
Let v = 33498 - 33157. Let m(n) = n**2 - 5 - 2*n - 2*n + 9*n. Let q be m(4). Calculate the greatest common factor of q and v.
31
Suppose 7*z - 147539 = -20*z + 21049. What is the greatest common factor of z and 56?
28
Let b(w) = 4*w**3 + 332*w**2 - 2*w + 66. Let r be b(-83). Calculate the highest common factor of r and 216.
8
Let n be (28/(8 + -1))/(39/(-15) + 3). What is the highest common factor of n and 3545?
5
Let y(n) = 3*n**3 + n**2 - 2*n + 3. Let a be y(2). Let u be ((-480)/20)/(-24) - -26. Calculate the greatest common factor of a and u.
27
Let r be (-1)/(8/(-291)) - 3/8. Calculate the greatest common divisor of r and 972.
36
Let a(g) = -g**2 + 64*g - 1020. Let v be a(33). What is the greatest common factor of 5 and v?
1
Let y be 147*-20*3/(-18). Let f = y + -314. Calculate the highest common divisor of 22 and f.
22
Let o(b) = -b**3 - 2*b**2 + 4*b + 395. Suppose -19*n = -29*n. Let q be o(n). What is the greatest common divisor of q and 316?
79
Let h be ((2 - 3) + 2)*16/8. Suppose 4*j = w - 72, j + 88 = h*w - 56. What is the greatest common factor of 180 and w?
36
Let l be ((-9)/2 - 1)*-2. Let i(f) = -f**3 - 6 + 9*f + 28*f + 3*f**2 + 3*f**2 - 15*f. Let n be i(7). What is the highest common factor of n and l?
11
Let t = 2 + 11. Let z(a) = 5*a - 47. Let k be z(15). Suppose -14*q = -k*q + 3094. Calculate the greatest common divisor of q and t.
13
Let a = -5526 + 5527. What is the highest common factor of 1350 and a?
1
Let n be ((-3072)/10)/((-46)/345). What is the greatest common factor of 528 and n?
48
Suppose -826 = -8*v + 142. Let k = 146 - 104. Suppose r + 19 = 2*y, y + k = 4*y + 3*r. What is the highest common divisor of y and v?
11
Let o be -129*(7 + (-203)/21). Calculate the highest common divisor of o and 86.
86
Suppose 4*p - p + 546 = -3*t, -4*p = -t + 718. Let k = p - -204. What is the highest common factor of k and 54?
6
Suppose -3*z + 3*i = -285, 8*i - 30 = -z + 38. Calculate the greatest common divisor of 7636 and z.
92
Let g be 2*(17/2 - -1). Let m be ((-11940)/(-75))/((-2)/(-5)). Suppose 3*w + 1033 = 5*y, -2*y + 9*w = 4*w - m. Calculate the highest common divisor of y and g.
19
Suppose 4*m - 4646 = -h - 4*h, -1139 = -m - 5*h. Calculate the highest common factor of 501 and m.
167
Suppose -5*s + 17 - 3 = -4*h, -2*h = s. Suppose -s*m + 1 = -5. Suppose -556 = -32*z - 492. What is the greatest common divisor of m and z?
1
Let c = -3 - -23. Suppose 0 = 9*y + 4 - 4. Suppose -f - 2*z + 12 = y, -3*f + 4*z + z = 19. Calculate the highest common factor of f and c.
2
Let m(i) be the first derivative of -4*i**2 + 100*i - 64. Let v be m(5). Calculate the highest common divisor of 30 and v.
30
Let q be -3 + (-80)/(-28) + 2179372/91. What is the greatest common divisor of 27 and q?
27
Let o(q) = 6*q + 7. Let l be o(-2). Let a be (-28)/((-30)/l - 7). Calculate the highest common divisor of 364 and a.
28
Suppose -4*k + 20 = 0, 0*k - 6*k + 2550 = 4*f. What is the greatest common factor of f and 770?
70
Suppose 18*s - 1295 = 13*s. Let w = s - -18. Suppose -79 + w = 3*j. What is the greatest common factor of 44 and j?
22
Let j = -6985 - -10165. Calculate the highest common divisor of 80 and j.
20
Suppose 2*t = -2*p - 40, t = 2*p + p + 52. Let d = p + -3. Let s be (-175)/d + 2/6*-1. Calculate the greatest common factor of 2 and s.
2
Suppose 5*x - 363 = -18. Let k(y) = 47*y - 847. Suppose -6*z - 19 = -7*z. Let l be k(z). Calculate the greatest common factor of l and x.
23
Let j(q) = -6*q + 264. Let n be j(42). Suppose 0 = -2*h + 288 + 600. What is the greatest common factor of h and n?
12
Suppose -44676 = -258*n + 255*n - 3*t, n + 4*t - 14874 = 0. Calculate the highest common factor of n and 78.
78
Let f = -3727 + 5988. Calculate the greatest common divisor of 34 and f.
17
Let j be 2/(-22) - (-11289)/2*(-6)/(-99). Calculate the highest common divisor of j and 4161.
57
Let d be (-3 - (-8)/3)/(((-247)/(-702))/(-19)). Calculate the highest common factor of d and 74.
2
Suppose -5*j + 765 = -145. Let t = 57 - 50. Suppose 0 = 2*y - 45 - t. Calculate the highest common divisor of y and j.
26
Suppose 5*f = 3*a + 3193 - 183, 0 = 4*a. Suppose 5*v = -3*u + 22, -4*v + 286 = 3*u + 260. What is the highest common divisor of u and f?
14
Let t = 16 - 10. Suppose 0 = -2*m + t*m - 148. Suppose -1245*f + 374625 = -120*f.